st the prime factors of 87299823.
3, 13, 409, 421
List the prime factors of 166056755.
5, 29, 43, 26633
What are the prime factors of 92976588?
2, 3, 631, 4093
What are the prime factors of 2116838597?
73, 2927, 9907
What are the prime factors of 83088776?
2, 10386097
What are the prime factors of 122931403?
7, 17, 1033037
List the prime factors of 459663117.
3, 53, 1103, 2621
List the prime factors of 1128292850.
2, 5, 29, 337, 2309
What are the prime factors of 79267007?
2719, 29153
What are the prime factors of 36728010?
2, 3, 5, 11, 23, 1613
What are the prime factors of 3161556035?
5, 11, 101, 569137
What are the prime factors of 374202012?
2, 3, 31183501
What are the prime factors of 926851052?
2, 231712763
List the prime factors of 100996973.
7, 11, 83, 15803
List the prime factors of 34000887.
3, 11333629
List the prime factors of 1641992571.
3, 61, 2990879
List the prime factors of 145003961.
145003961
List the prime factors of 3444000188.
2, 109, 7899083
What are the prime factors of 4762110?
2, 3, 5, 181, 877
List the prime factors of 600227706.
2, 3, 13, 7695227
What are the prime factors of 341046589?
13, 3727, 7039
List the prime factors of 44377083.
3, 647, 7621
What are the prime factors of 570449457?
3, 67, 251, 3769
What are the prime factors of 4116471938?
2, 71, 1693, 17123
List the prime factors of 1616135900.
2, 5, 16161359
List the prime factors of 33846789.
3, 89, 109, 1163
List the prime factors of 1639342243.
7, 11, 61, 31729
List the prime factors of 1062872212.
2, 37, 1129, 6361
What are the prime factors of 25715821?
25715821
List the prime factors of 780064324.
2, 13, 2531, 5927
What are the prime factors of 144119578?
2, 47, 32621
What are the prime factors of 246990?
2, 3, 5, 8233
List the prime factors of 49462094.
2, 11, 61, 36857
List the prime factors of 11471830.
2, 5, 1147183
List the prime factors of 321142149.
3, 173, 239, 863
List the prime factors of 259279234.
2, 129639617
What are the prime factors of 600903575?
5, 163, 167, 883
What are the prime factors of 2300988?
2, 3, 191749
What are the prime factors of 8089628983?
131, 2803, 22031
What are the prime factors of 41954059?
7, 1297, 4621
List the prime factors of 202632176.
2, 12664511
What are the prime factors of 105060446?
2, 29, 1811387
List the prime factors of 75660519.
3, 11, 167, 13729
List the prime factors of 407382150.
2, 3, 5, 7, 41, 9463
What are the prime factors of 351918028?
2, 7, 11, 61, 18731
List the prime factors of 751767898.
2, 7, 7671101
List the prime factors of 313234397.
7, 44747771
List the prime factors of 77638182.
2, 3, 12939697
List the prime factors of 64089170.
2, 5, 6408917
What are the prime factors of 179307686?
2, 89653843
List the prime factors of 4064671579.
4064671579
List the prime factors of 145980503.
37, 61, 64679
List the prime factors of 101065128.
2, 3, 23, 183089
What are the prime factors of 7307199?
3, 127, 2131
What are the prime factors of 2515124457?
3, 31, 67, 157, 857
List the prime factors of 5278119023.
5278119023
List the prime factors of 2310410499.
3, 37, 20814509
List the prime factors of 538510669.
538510669
What are the prime factors of 78507474?
2, 3, 13084579
List the prime factors of 65179423.
65179423
List the prime factors of 28061614.
2, 7, 37, 71, 109
List the prime factors of 139395520.
2, 5, 11, 199
List the prime factors of 3018063489.
3, 7, 43, 3342263
What are the prime factors of 4676381318?
2, 7, 17, 19648661
List the prime factors of 2373309202.
2, 11, 107877691
What are the prime factors of 109655559?
3, 13, 17, 23, 47
List the prime factors of 9552531.
3, 3184177
List the prime factors of 86454268.
2, 311, 69497
List the prime factors of 16744761.
3, 11, 79, 2141
What are the prime factors of 80039978?
2, 17, 601, 3917
List the prime factors of 23423503.
29, 807707
What are the prime factors of 974600904?
2, 3, 61, 97, 6863
List the prime factors of 43744800.
2, 3, 5, 11, 1657
What are the prime factors of 152797262?
2, 5297, 14423
What are the prime factors of 279321241?
279321241
List the prime factors of 739174448.
2, 1019, 45337
What are the prime factors of 12951914?
2, 6475957
List the prime factors of 24248452.
2, 137, 44249
List the prime factors of 2066104310.
2, 5, 151, 1368281
What are the prime factors of 207377610?
2, 3, 5, 11, 347, 1811
What are the prime factors of 1475367766?
2, 229, 3221327
What are the prime factors of 548697087?
3, 37, 97, 16987
What are the prime factors of 3339424833?
3, 1113141611
What are the prime factors of 341351268?
2, 3, 28445939
List the prime factors of 133390281.
3, 44463427
List the prime factors of 599292249.
3, 347, 575689
List the prime factors of 73204640.
2, 5, 31, 14759
What are the prime factors of 7112784?
2, 3, 7, 21169
List the prime factors of 212432933.
212432933
List the prime factors of 6368296.
2, 11, 72367
What are the prime factors of 426528604?
2, 106632151
What are the prime factors of 2979741470?
2, 5, 17, 233, 75227
List the prime factors of 541748882.
2, 270874441
What are the prime factors of 8410053251?
8410053251
What are the prime factors of 80878025?
5, 3235121
What are the prime factors of 175805079?
3, 58601693
List the prime factors of 2750706439.
13, 211592803
List the prime factors of 6528525.
3, 5, 61, 1427
List the prime factors of 105098590.
2, 5, 17, 618227
What are the prime factors of 2074529333?
71, 29218723
What are the prime factors of 81265022?
2, 40632511
List the prime factors of 1011155471.
19, 271, 196379
List the prime factors of 196425182.
2, 181, 281, 1931
List the prime factors of 719128335.
3, 5, 241, 198929
List the prime factors of 110151208.
2, 19, 43, 887
List the prime factors of 1505915164.
2, 13, 28959907
What are the prime factors of 33339667?
89, 374603
What are the prime factors of 151106121?
3, 31, 180533
What are the prime factors of 2497615355?
5, 3229, 154699
What are the prime factors of 802933448?
2, 37, 2712613
List the prime factors of 44068202.
2, 73, 509, 593
List the prime factors of 4053178938.
2, 3, 14407, 46889
List the prime factors of 2098814891.
21121, 99371
What are the prime factors of 157735864?
2, 11, 13, 173, 797
List the prime factors of 13114115.
5, 7, 53527
List the prime factors of 72811376.
2, 11, 23, 17987
List the prime factors of 13505215.
5, 47, 101, 569
What are the prime factors of 1522023680?
2, 5, 109, 10909
What are the prime factors of 17485701?
3, 5828567
List the prime factors of 7490866.
2, 181, 20693
What are the prime factors of 36192069?
3, 1340447
List the prime factors of 465317444.
2, 167, 307, 2269
List the prime factors of 219285506.
2, 11, 31, 67, 4799
List the prime factors of 651293678.
2, 7, 46520977
List the prime factors of 395525739.
3, 7, 43, 179, 2447
List the prime factors of 1775848672.
2, 13, 4268867
What are the prime factors of 112510963?
23, 4891781
What are the prime factors of 574235163?
3, 17, 417019
What are the prime factors of 16338442?
2, 19, 89, 4831
List the prime factors of 577296383.
577296383
List the prime factors of 42944172.
2, 3, 3578681
List the prime factors of 2298791575.
5, 29, 3170747
What are the prime factors of 131474746?
2, 13, 5056721
What are the prime factors of 3386988140?
2, 5, 37, 103, 1201
What are the prime factors of 66274335?
3, 5, 490921
List the prime factors of 825479651.
825479651
List the prime factors of 25032053.
83, 301591
List the prime factors of 623801986.
2, 109, 449, 6373
List the prime factors of 8935792872.
2, 3, 19, 97, 202021
List the prime factors of 89907541.
2741, 32801
What are the prime factors of 243287104?
2, 3801361
What are the prime factors of 4106696960?
2, 5, 29, 317, 349
What are the prime factors of 1205701053?
3, 211, 1904741
List the prime factors of 662680462.
2, 23, 14406097
What are the prime factors of 999520873?
13, 29, 617, 4297
List the prime factors of 58608909.
3, 6512101
What are the prime factors of 2800110829?
2800110829
List the prime factors of 72390515.
5, 2521, 5743
List the prime factors of 5072228778.
2, 3, 23, 73, 347, 1451
What are the prime factors of 1707551343?
3, 189727927
What are the prime factors of 2139721?
631, 3391
List the prime factors of 7939814262.
2, 3, 79, 193, 229, 379
List the prime factors